{"id":500,"date":"2025-03-17T12:16:15","date_gmt":"2025-03-17T15:16:15","guid":{"rendered":"https:\/\/sentidosaromatizacion.speedx.uy\/?page_id=500"},"modified":"2025-03-17T12:17:09","modified_gmt":"2025-03-17T15:17:09","slug":"sobre-nosotros","status":"publish","type":"page","link":"https:\/\/sentidosaromatizacion.speedx.uy\/index.php\/sobre-nosotros\/","title":{"rendered":"Sobre Nosotros"},"content":{"rendered":"\t\t<div data-elementor-type=\"wp-page\" data-elementor-id=\"500\" class=\"elementor elementor-500\" data-elementor-post-type=\"page\">\n\t\t\t\t<div class=\"elementor-element elementor-element-48035cbb e-flex e-con-boxed e-con e-parent\" data-id=\"48035cbb\" data-element_type=\"container\" data-settings=\"{&quot;background_background&quot;:&quot;classic&quot;}\">\n\t\t\t\t\t<div class=\"e-con-inner\">\n\t\t<div class=\"elementor-element elementor-element-349a3f6c e-con-full e-flex e-con e-child\" data-id=\"349a3f6c\" data-element_type=\"container\">\n\t\t\t\t<div class=\"elementor-element elementor-element-4dfad7f2 elementor-widget elementor-widget-heading\" data-id=\"4dfad7f2\" data-element_type=\"widget\" data-widget_type=\"heading.default\">\n\t\t\t\t<div class=\"elementor-widget-container\">\n\t\t\t\t\t<h1 class=\"elementor-heading-title elementor-size-default\">Sobre Nosotros<\/h1>\t\t\t\t<\/div>\n\t\t\t\t<\/div>\n\t\t\t\t<\/div>\n\t\t\t\t\t<\/div>\n\t\t\t\t<\/div>\n\t\t<div class=\"elementor-element elementor-element-14f018da e-flex e-con-boxed e-con e-parent\" data-id=\"14f018da\" data-element_type=\"container\">\n\t\t\t\t\t<div class=\"e-con-inner\">\n\t\t<div class=\"elementor-element elementor-element-2a6a1ae4 e-con-full e-flex e-con e-child\" data-id=\"2a6a1ae4\" data-element_type=\"container\">\n\t\t\t\t<div class=\"elementor-element elementor-element-42dafa6d elementor-widget elementor-widget-text-editor\" data-id=\"42dafa6d\" data-element_type=\"widget\" data-widget_type=\"text-editor.default\">\n\t\t\t\t<div class=\"elementor-widget-container\">\n\t\t\t\t\t\t\t\t\t<p data-start=\"16\" data-end=\"104\">Nos encontramos trabajando en la creaci\u00f3n de nuevas experiencias olfativas desde 2020.<\/p><p data-start=\"106\" data-end=\"242\"><strong data-start=\"106\" data-end=\"240\">NOS DESTACAMOS POR LA ALTA CALIDAD EN NUESTRA GAMA DE AROMAS,<br data-start=\"169\" data-end=\"172\" \/>AS\u00cd COMO POR NUESTRO COMPROMISO CON LA INNOVACI\u00d3N Y LA TECNOLOG\u00cdA.<\/strong><\/p><p data-start=\"244\" data-end=\"516\">Creamos experiencias olfativas excepcionales.<br data-start=\"289\" data-end=\"292\" \/>Nuestros sistemas de aromatizaci\u00f3n de alta calidad y nuestras esencias son cuidadosamente elaboradas para brindarte momentos \u00fanicos en cada rinc\u00f3n de tu vida.<br data-start=\"450\" data-end=\"453\" \/>Transformamos espacios en ambientes envolventes y memorables.<\/p><p data-start=\"518\" data-end=\"613\" data-is-last-node=\"\" data-is-only-node=\"\">Descubre el mundo de los aromas con Sentidos y lleva tu experiencia sensorial a un nuevo nivel.<\/p>\t\t\t\t\t\t\t\t<\/div>\n\t\t\t\t<\/div>\n\t\t\t\t<\/div>\n\t\t\t\t\t<\/div>\n\t\t\t\t<\/div>\n\t\t\t\t<\/div>\n\t\t","protected":false},"excerpt":{"rendered":"<p>Sobre Nosotros Nos encontramos trabajando en la creaci\u00f3n de nuevas experiencias olfativas desde 2020. NOS DESTACAMOS POR LA ALTA CALIDAD EN NUESTRA GAMA DE AROMAS,AS\u00cd COMO POR NUESTRO COMPROMISO CON LA INNOVACI\u00d3N Y LA TECNOLOG\u00cdA. Creamos experiencias olfativas excepcionales.Nuestros sistemas de aromatizaci\u00f3n de alta calidad y nuestras esencias son cuidadosamente elaboradas para brindarte momentos \u00fanicos [&hellip;]<\/p>\n","protected":false},"author":1,"featured_media":0,"parent":0,"menu_order":0,"comment_status":"closed","ping_status":"closed","template":"","meta":{"footnotes":""},"class_list":["post-500","page","type-page","status-publish","hentry"],"_links":{"self":[{"href":"https:\/\/sentidosaromatizacion.speedx.uy\/index.php\/wp-json\/wp\/v2\/pages\/500","targetHints":{"allow":["GET"]}}],"collection":[{"href":"https:\/\/sentidosaromatizacion.speedx.uy\/index.php\/wp-json\/wp\/v2\/pages"}],"about":[{"href":"https:\/\/sentidosaromatizacion.speedx.uy\/index.php\/wp-json\/wp\/v2\/types\/page"}],"author":[{"embeddable":true,"href":"https:\/\/sentidosaromatizacion.speedx.uy\/index.php\/wp-json\/wp\/v2\/users\/1"}],"replies":[{"embeddable":true,"href":"https:\/\/sentidosaromatizacion.speedx.uy\/index.php\/wp-json\/wp\/v2\/comments?post=500"}],"version-history":[{"count":0,"href":"https:\/\/sentidosaromatizacion.speedx.uy\/index.php\/wp-json\/wp\/v2\/pages\/500\/revisions"}],"wp:attachment":[{"href":"https:\/\/sentidosaromatizacion.speedx.uy\/index.php\/wp-json\/wp\/v2\/media?parent=500"}],"curies":[{"name":"wp","href":"https:\/\/api.w.org\/{rel}","templated":true}]}}